hat is the hundreds digit of d/(-4) - ((-12)/(-8) + -1)?
1
Let i = -27713 - -43133. What is the ten thousands digit of i?
1
Suppose 3*m - 36738 = 2*l, -l = -5*l + 24. What is the tens digit of m?
5
Let s(q) = -5196*q**3 - 39*q**2 - 41*q - 1. What is the hundreds digit of s(-1)?
1
Let j be (40/6)/(2/9). Suppose -233*w = -8156 + 20971. Let t = j - w. What is the units digit of t?
5
Let n = 29340 + 4470. What is the thousands digit of n?
3
Let m(c) = 197*c**2 + c + 20. What is the units digit of m(-5)?
0
Let c(k) = 3*k + 2. Let a(b) = -162*b - 39. Let i(f) = -a(f) - 12*c(f). What is the hundreds digit of i(8)?
0
Let s = 204 + 105. Let l = 470 - s. What is the units digit of l?
1
Let g(v) = -3*v**3 + 2*v**2 + 3*v + 2. Let i be g(-1). Suppose -3*a = f - 5*a - 232, i*f = -3*a + 895. What is the units digit of f?
6
Let g(c) = 6*c**3 - 4*c**2 - 37*c + 39. What is the hundreds digit of g(14)?
2
Suppose 3*b = -18, 970*w - 3*b - 74268 = 968*w. What is the tens digit of w?
2
Suppose 35 = 51*l - 46*l. Suppose -l*x = -895 - 2927. What is the hundreds digit of x?
5
Let t be (-28 - -28)*1/(-2). Let l(s) = s**2 + 2*s + 89. What is the units digit of l(t)?
9
Suppose 0 = 4*c - 3*h - 2591, -2*c + 1283 = 3*h - 2*h. Suppose -6*w + c = -4774. What is the tens digit of w?
0
What is the hundreds digit of (2/(-3))/((-10)/24015)?
6
Let c(a) = 11*a**2 + 55*a - 379. What is the thousands digit of c(23)?
6
Let l be (6282/(-45))/(3/30). Let b = -973 - l. What is the units digit of b?
3
Let b be (-1)/5 + 987/(-15). Let k = b + 70. What is the tens digit of (-5 - k/(-2)) + 230 + -4?
2
Suppose -10*m + 3 = -7*m. Suppose -2*a = -5 - m. Suppose -5*h - a*i = -292, -h - 3*h + 204 = -5*i. What is the units digit of h?
6
Suppose -75*r = -36 - 39. Let a(o) = 7*o + 2. Let j(b) = -b**2 + 20*b + 5. Let l(h) = 11*a(h) - 4*j(h). What is the units digit of l(r)?
3
Let a(f) = 574*f**3 + 2*f**2 + f - 2. Let c be a(-1). Let j = -330 - c. What is the tens digit of j?
4
Let c(f) be the first derivative of f**4/4 + 13*f**3/3 - 8*f**2 - 23*f + 9. Let n be c(-14). Suppose -n*v = v - 1392. What is the tens digit of v?
3
Suppose 2*p - 5*a + 115150 = 7*p, 4 = -4*a. What is the hundreds digit of p?
0
Let f = 2173 + 7628. What is the tens digit of f?
0
Let b(m) = 41*m**2 + 24*m + 97. Suppose -4*z + 14 = t, 11 = 9*t - 10*t + z. What is the thousands digit of b(t)?
1
Let p(r) = 465*r**2 + 2068*r + 11. What is the ten thousands digit of p(8)?
4
Let f = -921 + 1289. Suppose 3*v = 2276 - f. What is the hundreds digit of v?
6
What is the units digit of (-1)/(-8) + (-57420755)/(-1064)?
7
Let r(j) = -45*j + 3. Suppose 57 = 3*g + 9. Suppose 3*u - 5*w = -g, 0 = 2*u + 3*w - 0 - 2. What is the units digit of r(u)?
3
Suppose -136 + 58 = -78*n. Suppose -12 = -4*y + 7*y. What is the hundreds digit of (6 + y)/(n/2) - -170?
1
Let i(l) = -2615*l - 4176. What is the thousands digit of i(-9)?
9
Suppose -3*n + 69406 = 6*y - 7*y, n + 5*y = 23114. What is the ten thousands digit of n?
2
What is the thousands digit of ((-78)/741 - (-11613)/38)*78?
3
Suppose -10 = -5*u + 10. Let a = 5 - u. What is the units digit of (4 - a)*88/24?
1
Suppose -4*j + 3*j = -5*a + 1624, j = 1. Let b = -108 + a. What is the tens digit of b?
1
What is the tens digit of (-1 - (-5)/2) + (-94937011)/(-1898)?
2
Suppose -41*r + 26*r - 12840 = 0. Let n = r + 988. What is the units digit of n?
2
Let j = -62 - -62. Suppose -5*h - 1 = -2*s, -2*s - 2*h + 8 = -0*s. Suppose j = -s*p + 5*p - 112. What is the units digit of p?
6
Suppose -3 + 173 = 5*q + 5*a, -3*a = -2*q + 48. Let g = 4 - -29. Let c = g + q. What is the units digit of c?
3
Suppose -86933 = -10*m - 7033. What is the tens digit of m?
9
Suppose -71*j - 11*j = -492. What is the units digit of j?
6
Suppose 201781 = 27*p - 38465. What is the hundreds digit of p?
8
What is the ten thousands digit of -2*(160/2480 - (-968014)/(-124))?
1
Let f(q) = 171*q**2 - 103*q - 1524. What is the thousands digit of f(-13)?
8
Suppose 5 = -5*o, -5*s - 73 + 3 = 5*o. What is the tens digit of (1*-570)/(s/26)?
4
Let f(n) = -n - 12. Let h be f(-15). Suppose 5*y - 2175 = 5*i, -4*i = -y + h*y - 846. Suppose -5*z = -y - 324. What is the units digit of z?
1
Let g(n) = -11*n - 7. Let f be g(-5). Let d = f - 44. Suppose i + 2*a - 35 = 0, 2*a = -d*i - 2*a + 120. What is the units digit of i?
5
Suppose -157*w = -151*w + 192. Let f = 348 + w. What is the hundreds digit of f?
3
Suppose 3*y - 6 = 0, 3*p - 7*y + 90 = 7*p. What is the hundreds digit of p*21 - 511/(-73)?
4
Suppose -30 = -2*r - 4*k, -r + 3 = 5*k - 3. Let d(v) = -v**3 + 20*v**2 + 30*v + 9. What is the tens digit of d(r)?
9
Let t(v) be the third derivative of -23*v**4/24 + 31*v**3/6 - v**2. Let a = 579 + -583. What is the hundreds digit of t(a)?
1
Suppose 201 = 9*l - 33. Suppose 6*f - l = 4*f. Suppose -f = 4*j + 7, -514 = -3*c - j. What is the tens digit of c?
7
Suppose 0 = 4*d - w + 3*w - 1598, 1211 = 3*d + 4*w. Let m = d - -468. What is the units digit of m?
5
Suppose -20*t + 3145 = -279735. Suppose 8*r = -5*r + t. What is the thousands digit of r?
1
What is the units digit of ((-5 - 3)/(-1) + -7)*4621?
1
Let q(g) = g - 2. Let r be q(6). Let k(i) = 11*i**2 - 7*i + 6. Let x be k(r). Suppose m - p = x, 0*p - 5*p = -20. What is the tens digit of m?
5
What is the thousands digit of (907 - -143)*(-2 + 1 - (-117)/5)?
3
Let x be (-24)/(-84) - 9/7 - -6. Suppose -1167 = -4*q - x*c, -2*q + c - 2 = -603. What is the units digit of q?
8
Suppose -122*c + 1562412 = -1722194. What is the ten thousands digit of c?
2
Let a(z) = -z**2 - 88*z - 161. Let g = 462 + -521. What is the tens digit of a(g)?
5
Suppose 4*q - x = -4*x + 63, q + 8 = 4*x. Let g(b) = 3*b**2 + 10*b - 35. What is the hundreds digit of g(q)?
5
What is the hundreds digit of (222/(-9))/((-24)/5652)?
8
Let k(u) = -2*u - 29. Let a be k(-19). Suppose 14*b = a*b. Suppose 158 = r + f, b*f - 4*f = -5*r + 808. What is the hundreds digit of r?
1
Let d be (0/(-1))/(-16 + 15). Suppose -f - 3*f = d. Suppose 0 = -4*j - f*j + 20. What is the units digit of j?
5
Let m be (2 - 2)*(1 - (-3)/(-6)). Suppose -3*z - s = z - 890, m = -2*z - 4*s + 452. What is the hundreds digit of z?
2
Suppose -36*r = 74*r - 2298890. What is the hundreds digit of r?
8
Suppose f + 2*u - 6 = 0, 20 + 0 = -4*f + 3*u. What is the tens digit of ((-84)/35)/(f/685)?
2
Let n(j) = -2*j - 1305. Let g be n(0). Let i be (2/(-3))/(5/g). Suppose -i = -3*b - 24. What is the tens digit of b?
5
Let j(s) = 8*s**3 - 26*s**2 - 13*s + 5. What is the hundreds digit of j(12)?
9
Let a be ((-5 + 9)*2)/(12/2766). Let j = a + -4. What is the tens digit of j?
4
Suppose 6414 = 3*p + 3*l, -8562 = -3*p - p - 2*l. Let u = 253 + p. What is the units digit of 30/(-195) - u/(-26)?
2
Suppose 3*i - 9*i + 18 = 0. Suppose 3*c = 2*v + 1104, -9*c = -4*c + i*v - 1859. What is the hundreds digit of c?
3
What is the thousands digit of ((61512/10)/22)/(4/870)?
0
Suppose -162*c + 160*c = -4*z - 2434, -2*c - 3*z = -2441. What is the tens digit of c?
1
Let x(v) = 130*v + 12. Let b = -62 - -54. Let w be (2/b)/(11/4 + -3). What is the tens digit of x(w)?
4
Suppose 3*c + 16 = 4*w, -w - 2*c + 4 = -0*w. Let j(m) = 88*m + 4. Let u be j(2). Suppose 0 = w*z + z - u. What is the units digit of z?
6
Suppose 6*j + 13*j = -131841. What is the hundreds digit of j/(-12) + (-12)/(-64)*4?
5
Suppose -6*i + 272740 = 129676. What is the tens digit of i?
4
Suppose 4*r - 105052 = 4*k, 5*r - 2*k + 6*k - 131288 = 0. What is the ten thousands digit of r?
2
Suppose 3*j + 2*i - 19 = 0, 3*i = 5*j - 5 - 33. Suppose 0 = 5*y - 6*y, 4*y + 60 = -5*k. What is the tens digit of j/(1 + k/13)?
9
Let o = -692 - -702. Suppose 10784 = o*p - 1406. What is the thousands digit of p?
1
Let j = 142 - -616. Let q = j - 349. What is the tens digit of q?
0
Suppose 0 = -3*s - 4*w + 13 + 15, w - 20 = -4*s. Suppose -u - 11 = -s*a, 5*a - u = -0*u + 14. Suppose -a*o = -97 - 59. What is the tens digit of o?
5
Let x(m) = 25*m**2 - 3. Let a be 44/(-154) + (-4)/(-14). Suppose a = -16*k + 6*k - 20. What is the units digit of x(k)?
7
Let q(h) = h**2 + 3. Let r be q(0). Let l be 4 - (-95)/10 - r/(-2). Suppose 2*d = 273 + l. What is the hundreds digit of d?
1
Let x(l) = -172*l - 450. What is the units digit of x(-12)?
4
Let w(s) = -s**3 - 20*s**2 + 16*s - 48. Let p 